{"id":3245,"date":"2021-07-19T18:04:13","date_gmt":"2021-07-19T21:04:13","guid":{"rendered":"https:\/\/transparenciacontabilgyn.com.br\/old\/?page_id=3245"},"modified":"2021-07-19T18:08:47","modified_gmt":"2021-07-19T21:08:47","slug":"emissor-nfe","status":"publish","type":"page","link":"https:\/\/transparenciacontabilgyn.com.br\/old\/emissor-nfe\/","title":{"rendered":"Emissor NFE"},"content":{"rendered":"[vc_row][vc_column][wgl_double_headings align=&#8221;center&#8221; title_color=&#8221;#252525&#8243; subtitle_color=&#8221;#ff7d00&#8243; title=&#8221;EMISSOR DE NOTA FISCAL ELETR\u00d4NICA&#8221;][wgl_spacing spacer_size=&#8221;30px&#8221;][wgl_custom_text font_size=&#8221;16&#8243;]\n<h3>Agilize agora mesmo a Emiss\u00e3o de Notas Fiscais da sua empresa com o <strong>Transpar\u00eancia Sistema NF-e<\/strong>. Sistema f\u00e1cil de usar, eficiente, pr\u00e1tico e sem limite de emiss\u00e3o. Emita quantas notas de Produto, Servi\u00e7o, e de Consumidor precisar.<\/h3>\n<p>&nbsp;<\/p>\n<p>&nbsp;<\/p>\n<ul>\n<li>Implanta\u00e7\u00e3o sem custo;<\/li>\n<li>Treinamento de colaboradores;<\/li>\n<li>Suporte direto com o Escrit\u00f3rio de Contabilidade;<\/li>\n<li>Integrado com <strong>Sistema de Gest\u00e3o Financeira Transpar\u00eancia.<\/strong><\/li>\n<\/ul>\n[\/wgl_custom_text][wgl_spacing spacer_size=&#8221;30px&#8221;][wgl_double_headings align=&#8221;center&#8221; title_color=&#8221;#252525&#8243; subtitle_color=&#8221;#ff7d00&#8243; title=&#8221;Experimente o Transpar\u00eancia Sistema NF-e Gratuitamente!!&#8221; subtitle=&#8221;Teste nosso sistema por 15 dias!* Voc\u00ea vai receber um treinamento completo do sistema durante o per\u00edodo de avalia\u00e7\u00e3o&#8221;][\/vc_column][\/vc_row][vc_row][vc_column][wgl_spacing spacer_size=&#8221;30px&#8221;][vc_btn title=&#8221;QUERO TESTAR GRATUITAMENTE!&#8221; style=&#8221;gradient&#8221; gradient_color_1=&#8221;green&#8221; gradient_color_2=&#8221;vista-blue&#8221; shape=&#8221;round&#8221; size=&#8221;lg&#8221; align=&#8221;center&#8221; i_icon_fontawesome=&#8221;fab fa-whatsapp&#8221; button_block=&#8221;true&#8221; add_icon=&#8221;true&#8221; link=&#8221;url:https%3A%2F%2Fapi.whatsapp.com%2Fsend%3Fphone%3D%2B5562992834146|target:_blank&#8221;][\/vc_column][\/vc_row]\n","protected":false},"excerpt":{"rendered":"<p>[vc_row][vc_column][wgl_double_headings align=&#8221;center&#8221; title_color=&#8221;#252525&#8243; subtitle_color=&#8221;#ff7d00&#8243; title=&#8221;EMISSOR DE NOTA FISCAL ELETR\u00d4NICA&#8221;][wgl_spacing spacer_size=&#8221;30px&#8221;][wgl_custom_text font_size=&#8221;16&#8243;] Agilize agora mesmo a Emiss\u00e3o de Notas Fiscais da sua empresa com o Transpar\u00eancia Sistema NF-e. Sistema f\u00e1cil de usar, eficiente, pr\u00e1tico e sem limite de emiss\u00e3o. Emita quantas notas de Produto, Servi\u00e7o, e de Consumidor precisar. &nbsp; &nbsp; Implanta\u00e7\u00e3o sem custo; Treinamento de [&hellip;]<\/p>\n","protected":false},"author":4,"featured_media":0,"parent":0,"menu_order":0,"comment_status":"closed","ping_status":"closed","template":"","meta":{"_seopress_robots_primary_cat":"","_seopress_titles_title":"","_seopress_titles_desc":"","_seopress_robots_index":""},"_links":{"self":[{"href":"https:\/\/transparenciacontabilgyn.com.br\/old\/wp-json\/wp\/v2\/pages\/3245"}],"collection":[{"href":"https:\/\/transparenciacontabilgyn.com.br\/old\/wp-json\/wp\/v2\/pages"}],"about":[{"href":"https:\/\/transparenciacontabilgyn.com.br\/old\/wp-json\/wp\/v2\/types\/page"}],"author":[{"embeddable":true,"href":"https:\/\/transparenciacontabilgyn.com.br\/old\/wp-json\/wp\/v2\/users\/4"}],"replies":[{"embeddable":true,"href":"https:\/\/transparenciacontabilgyn.com.br\/old\/wp-json\/wp\/v2\/comments?post=3245"}],"version-history":[{"count":2,"href":"https:\/\/transparenciacontabilgyn.com.br\/old\/wp-json\/wp\/v2\/pages\/3245\/revisions"}],"predecessor-version":[{"id":3251,"href":"https:\/\/transparenciacontabilgyn.com.br\/old\/wp-json\/wp\/v2\/pages\/3245\/revisions\/3251"}],"wp:attachment":[{"href":"https:\/\/transparenciacontabilgyn.com.br\/old\/wp-json\/wp\/v2\/media?parent=3245"}],"curies":[{"name":"wp","href":"https:\/\/api.w.org\/{rel}","templated":true}]}}