{"id":3097,"date":"2021-07-17T07:44:58","date_gmt":"2021-07-17T10:44:58","guid":{"rendered":"https:\/\/transparenciacontabilgyn.com.br\/old\/?page_id=3097"},"modified":"2021-07-17T09:15:31","modified_gmt":"2021-07-17T12:15:31","slug":"instituicao-religiosa","status":"publish","type":"page","link":"https:\/\/transparenciacontabilgyn.com.br\/old\/instituicao-religiosa\/","title":{"rendered":"Institui\u00e7\u00e3o Religiosa"},"content":{"rendered":"[vc_row][vc_column css=&#8221;.vc_custom_1626523491864{background-image: url(https:\/\/transparenciacontabilgyn.com.br\/old\/wp-content\/uploads\/2021\/07\/hvv-m-1.jpg?id=3129) !important;background-position: center !important;background-repeat: no-repeat !important;background-size: cover !important;}&#8221;][wgl_double_headings title_color=&#8221;#ffffff&#8221; subtitle_color=&#8221;#ff7d00&#8243; title=&#8221;Institui\u00e7\u00e3o Religiosa&#8221; custom_title_color=&#8221;true&#8221; custom_subtitle_color=&#8221;true&#8221;][wgl_spacing spacer_size=&#8221;40px&#8221;][\/vc_column][\/vc_row][vc_row][vc_column][wgl_spacing spacer_size=&#8221;40px&#8221;][wgl_double_headings align=&#8221;center&#8221; title_color=&#8221;#252525&#8243; subtitle_color=&#8221;#ff7d00&#8243; title=&#8221;Institui\u00e7\u00e3o Religiosa, tenha uma contabilidade com a qualidade que VOC\u00ca PRECISA!&#8221; subtitle=&#8221;Conte com o aux\u00edlio de quem realmente entende de contabilidade para Institui\u00e7\u00e3o Religiosa e tenha todo o suporte cont\u00e1bil com qualidade Transpar\u00eancia&#8221;][wgl_spacing spacer_size=&#8221;30px&#8221;][wgl_custom_text font_size=&#8221;16&#8243;]Temos uma equipe de especialistas da pode te orientar sobre diversos pontos importantes sobre a rotina de contabilidade para <strong>institui\u00e7\u00f5es Religiosas<\/strong><strong>.<\/strong> Garantimos o cumprindo todas as obriga\u00e7\u00f5es legais da sua igreja, associa\u00e7\u00e3o ou institui\u00e7\u00e3o, evitando assim problemas com a Prefeitura local e com a Receita federal.<\/p>\n<p>Auxiliamos em todas as etapas da legaliza\u00e7\u00e3o e manuten\u00e7\u00e3o do seu neg\u00f3cio, desde o processo de abertura, elabora\u00e7\u00e3o de plano de neg\u00f3cio, sele\u00e7\u00e3o da natureza jur\u00eddica, \u00e0 elabora\u00e7\u00e3o de plano estrat\u00e9gico da sua empresa. Confira alguns dos nossos servi\u00e7os:<\/p>\n<ul>\n<li>Abertura de institui\u00e7\u00e3o Religiosa;<\/li>\n<li>Aux\u00edlio na Elabora\u00e7\u00e3o de Estatuto e Ata;<\/li>\n<li>Legaliza\u00e7\u00e3o e Regulariza\u00e7\u00e3o de igreja;<\/li>\n<li>Contabilidade para entidade religiosa;<\/li>\n<li>Imposto de Renda de pastor;<\/li>\n<li>Pagamento de Prebenda;<\/li>\n<li>Folha de pagamento;<\/li>\n<li>INSS de pastor;<\/li>\n<li>Isen\u00e7\u00e3o de IPTU<\/li>\n<\/ul>\n[\/wgl_custom_text][\/vc_column][\/vc_row][vc_row][vc_column width=&#8221;1\/4&#8243;][wgl_info_box ib_align=&#8221;center&#8221; icon_type=&#8221;font&#8221; icon_font_type=&#8221;type_fontawesome&#8221; icon_fontawesome=&#8221;fas fa-scroll&#8221; ib_title=&#8221;REGULARIZA\u00c7\u00c3O&#8221; ib_content=&#8221;Auxiliamos em todo processo de abertura ou altera\u00e7\u00f5es da sua institui\u00e7\u00e3o Religiosa. Desde a elabora\u00e7\u00e3o de Estatuto e Atas \u00e0 registo nos \u00f3rg\u00e3os competentes&#8221;][\/vc_column][vc_column width=&#8221;1\/4&#8243;][wgl_info_box ib_align=&#8221;center&#8221; icon_type=&#8221;font&#8221; icon_font_type=&#8221;type_fontawesome&#8221; icon_fontawesome=&#8221;fas fa-file-invoice-dollar&#8221; ib_title=&#8221;FOLHA DE PAGAMENTO&#8221; ib_content=&#8221;Elabora\u00e7\u00e3o de Folha de pagamento dos pastores, obreiros, funcion\u00e1rios e aut\u00f4nomos que tiverem na institui\u00e7\u00e3o&#8221;][\/vc_column][vc_column width=&#8221;1\/4&#8243;][wgl_info_box ib_align=&#8221;center&#8221; icon_type=&#8221;font&#8221; icon_font_type=&#8221;type_fontawesome&#8221; icon_fontawesome=&#8221;fas fa-paste&#8221; ib_title=&#8221;RELAT\u00d3RIOS CONT\u00c1BEIS &#8221; ib_content=&#8221;Relat\u00f3rios Cont\u00e1beis (Balancete de Verifica\u00e7\u00e3o; Demonstra\u00e7\u00e3o de Resultado do Exerc\u00edcio; Balan\u00e7o Patrim\u00f4nio etc.)&#8221;][\/vc_column][vc_column width=&#8221;1\/4&#8243;][wgl_info_box ib_align=&#8221;center&#8221; icon_type=&#8221;font&#8221; icon_font_type=&#8221;type_fontawesome&#8221; icon_fontawesome=&#8221;fas fa-money-bill-wave&#8221; ib_title=&#8221;ISEN\u00c7\u00c3O DE IPTU&#8221; ib_content=&#8221;Todo processo de Isen\u00e7\u00e3o de IPTU para igrejas previsto pela Constitui\u00e7\u00e3o Federal. Isen\u00e7\u00e3o de IPTU para im\u00f3vel alugado para templos religiosos&#8221;][\/vc_column][\/vc_row][vc_row][vc_column][\/vc_column][\/vc_row][vc_row][vc_column][wgl_double_headings align=&#8221;center&#8221; title_color=&#8221;#252525&#8243; subtitle_color=&#8221;#ff7d00&#8243; title=&#8221;Servi\u00e7os em Contabilidade para Institui\u00e7\u00e3o Religiosa&#8221;][\/vc_column][\/vc_row][vc_row][vc_column][wgl_time_line_vertical values=&#8221;%5B%7B%22title%22%3A%22GUIA%20DE%20IMPOSTOS%22%2C%22descr%22%3A%22Receba%20as%20suas%20guias%20de%20pagamento%20de%20impostos%20com%20anteced%C3%AAncia%20para%20fazer%20sua%20programa%C3%A7%C3%A3o%20de%20pagamentos.%20Disponibilizamos%20tanto%20por%20e-mail%20quanto%20em%20nossa%20plataforma%20online%20de%20contabilidade%22%2C%22color%22%3A%22%23ff7d00%22%7D%2C%7B%22title%22%3A%22FOLHA%20DE%20PAGAMENTO%22%2C%22descr%22%3A%22Cuidamos%20de%20todas%20as%20obriga%C3%A7%C3%B5es%20trabalhistas%20para%20voc%C3%AA%2C%20desde%20admiss%C3%A3o%2C%20demiss%C3%A3o%2C%20gera%C3%A7%C3%A3o%20de%20guias%20de%20recolhimento%20de%20impostos%20%C3%A0%20gerenciando%20a%20folha%20de%20pagamento%2C%20como%20sal%C3%A1rios%2C%20prebenda%2C%20benef%C3%ADcios%2C%20atestados%2C%20proventos%20e%20etc%22%2C%22color%22%3A%22%23ff7d00%22%7D%2C%7B%22title%22%3A%22LEGALIZA%C3%87%C3%83O%20E%20ALTERA%C3%87%C3%83O%22%2C%22descr%22%3A%22Assessoria%20na%20hora%20de%20abrir%20CNPJ%20da%20sua%20institui%C3%A7%C3%A3o%20Religiosa%2C%20estatuto%2C%20ata%20de%20funda%C3%A7%C3%A3o%2C%20etc.%20Cumprindo%20todas%20as%20obriga%C3%A7%C3%B5es%20legais%20conforme%20a%20legisla%C3%A7%C3%A3o%20vigente%20do%20Brasil%2C%20onde%20obriga%20que%20institui%C3%A7%C3%B5es%20religiosas%20sejam%20abertas%20juridicamente%22%2C%22color%22%3A%22%23ff7d00%22%7D%2C%7B%22title%22%3A%22ASSESSORIA%20TRIBUT%C3%81RIA%22%2C%22descr%22%3A%22A%20igreja%20pela%20Lei%20%C3%A9%20imune%2C%20mas%2C%20por%20n%C3%A3o%20tomar%20precau%C3%A7%C3%B5es%20com%20a%20parte%20cont%C3%A1bil%20pode-se%20perder%20esta%20condi%C3%A7%C3%A3o.%20O%20departamento%20de%20consultoria%20tribut%C3%A1ria%20oferece%20assessoria%20para%20todas%20as%20quest%C3%B5es%20tribut%C3%A1ria%20de%20forma%20legal%22%2C%22color%22%3A%22%23ff7d00%22%7D%2C%7B%22title%22%3A%22DOCUMENTOS%20FISCAIS%20CONT%C3%81BEIS%22%2C%22descr%22%3A%22Elaboramos%20todas%20as%20suas%20demonstra%C3%A7%C3%B5es%20cont%C3%A1beis%20e%20disponibilizamos%20tamb%C3%A9m%20em%20nossa%20plataforma%20online.%20Assim%2C%20voc%C3%AA%20poder%C3%A1%20acessar%20todos%20os%20seus%20documentos%20sempre%20que%20precisar.%22%2C%22color%22%3A%22%23ff7d00%22%7D%2C%7B%22title%22%3A%22MANUTEN%C3%87%C3%83O%20E%20REGISTROS%22%2C%22descr%22%3A%22%C3%89%20recomend%C3%A1vel%20que%20sua%20igreja%20conte%20com%20o%20aux%C3%ADlio%20do%20contador%20para%20enviar%20as%20informa%C3%A7%C3%B5es%20para%20a%20Receita%2C%20evitando%20assim%2C%20gerar%20multas%22%2C%22color%22%3A%22%23ff7d00%22%7D%5D&#8221;][\/vc_column][\/vc_row][vc_row][vc_column][wgl_double_headings align=&#8221;center&#8221; title_color=&#8221;#252525&#8243; subtitle_color=&#8221;#ff7d00&#8243; title=&#8221;A Transpar\u00eancia Contabilidade conta com um time de contadores especialistas no seu segmento sempre dispon\u00edvel para falar com VOC\u00ca!&#8221;][\/vc_column][\/vc_row][vc_row][vc_column][wgl_spacing spacer_size=&#8221;30px&#8221;][wgl_button button_text=&#8221;FALAR COM ESPECIALISTA&#8221; align=&#8221;center&#8221; icon_type=&#8221;font&#8221; icon_font_type=&#8221;type_fontawesome&#8221; icon_fontawesome=&#8221;fab fa-whatsapp&#8221; customize=&#8221;gradient&#8221; text_color=&#8221;#ffffff&#8221; text_color_hover=&#8221;#ffffff&#8221; bg_gradient_start=&#8221;#3bcc42&#8243; bg_gradient_end=&#8221;#06ba00&#8243; bg_gradient_start_hover=&#8221;#39ef2f&#8221; bg_gradient_end_hover=&#8221;#13c100&#8243; border_gradient_start=&#8221;#13ea00&#8243; border_gradient_end=&#8221;#36b500&#8243; border_gradient_start_hover=&#8221;#ff4200&#8243; border_gradient_end_hover=&#8221;#ffc600&#8243; link=&#8221;url:https%3A%2F%2Fapi.whatsapp.com%2Fsend%3Fphone%3D%2B5562992834146|target:_blank&#8221;][\/vc_column][\/vc_row]\n","protected":false},"excerpt":{"rendered":"<p>[vc_row][vc_column css=&#8221;.vc_custom_1626523491864{background-image: url(https:\/\/transparenciacontabilgyn.com.br\/old\/wp-content\/uploads\/2021\/07\/hvv-m-1.jpg?id=3129) !important;background-position: center !important;background-repeat: no-repeat !important;background-size: cover !important;}&#8221;][wgl_double_headings title_color=&#8221;#ffffff&#8221; subtitle_color=&#8221;#ff7d00&#8243; title=&#8221;Institui\u00e7\u00e3o Religiosa&#8221; custom_title_color=&#8221;true&#8221; custom_subtitle_color=&#8221;true&#8221;][wgl_spacing spacer_size=&#8221;40px&#8221;][\/vc_column][\/vc_row][vc_row][vc_column][wgl_spacing spacer_size=&#8221;40px&#8221;][wgl_double_headings align=&#8221;center&#8221; title_color=&#8221;#252525&#8243; subtitle_color=&#8221;#ff7d00&#8243; title=&#8221;Institui\u00e7\u00e3o Religiosa, tenha uma contabilidade com a qualidade que VOC\u00ca PRECISA!&#8221; subtitle=&#8221;Conte com o aux\u00edlio de quem realmente entende de contabilidade para Institui\u00e7\u00e3o Religiosa e tenha todo o suporte cont\u00e1bil com qualidade Transpar\u00eancia&#8221;][wgl_spacing spacer_size=&#8221;30px&#8221;][wgl_custom_text [&hellip;]<\/p>\n","protected":false},"author":4,"featured_media":0,"parent":0,"menu_order":0,"comment_status":"closed","ping_status":"closed","template":"","meta":{"_seopress_robots_primary_cat":"","_seopress_titles_title":"","_seopress_titles_desc":"","_seopress_robots_index":""},"_links":{"self":[{"href":"https:\/\/transparenciacontabilgyn.com.br\/old\/wp-json\/wp\/v2\/pages\/3097"}],"collection":[{"href":"https:\/\/transparenciacontabilgyn.com.br\/old\/wp-json\/wp\/v2\/pages"}],"about":[{"href":"https:\/\/transparenciacontabilgyn.com.br\/old\/wp-json\/wp\/v2\/types\/page"}],"author":[{"embeddable":true,"href":"https:\/\/transparenciacontabilgyn.com.br\/old\/wp-json\/wp\/v2\/users\/4"}],"replies":[{"embeddable":true,"href":"https:\/\/transparenciacontabilgyn.com.br\/old\/wp-json\/wp\/v2\/comments?post=3097"}],"version-history":[{"count":2,"href":"https:\/\/transparenciacontabilgyn.com.br\/old\/wp-json\/wp\/v2\/pages\/3097\/revisions"}],"predecessor-version":[{"id":3130,"href":"https:\/\/transparenciacontabilgyn.com.br\/old\/wp-json\/wp\/v2\/pages\/3097\/revisions\/3130"}],"wp:attachment":[{"href":"https:\/\/transparenciacontabilgyn.com.br\/old\/wp-json\/wp\/v2\/media?parent=3097"}],"curies":[{"name":"wp","href":"https:\/\/api.w.org\/{rel}","templated":true}]}}